 is divided by (940/(-48) - (-2)/8)*(-3)/2.
27
Suppose -7*q - 63 = -8*q - 20. What is the remainder when 2063 is divided by q?
42
Suppose -4*n - n + 570 = 0. Suppose -86 = -3*q + 3*z - 32, -4*q + 61 = -5*z. What is the remainder when n is divided by q?
27
Let o be (4/(-8) + 0)*-1*4. Suppose -2*c + 854 = -2*a, 2*c + 0*c - 870 = -o*a. Let k = c - 289. What is the remainder when k is divided by 12?
10
Let g(c) = -4*c**2 + 27*c + 43. What is the remainder when 64 is divided by g(8)?
1
Let a(f) = f**3 + f**2 - 18*f - 26. Let q be a(-8). Let l = q - -504. Calculate the remainder when l is divided by 35.
34
Let i be -32 - -35 - (4 - 1). Suppose -322 = -2*x + 2*p, i*x - 2*x = -p - 324. Calculate the remainder when x is divided by 28.
23
Suppose 5*u - 166 - 214 = 0. Let m(i) = -i**3 + 23*i**2 - 22*i + 2. What is the remainder when u is divided by m(22)?
0
Suppose 2402*t - 2483*t = -47142. Calculate the remainder when t is divided by 21.
15
Suppose -381*r + 790*r + 881958 = 1993*r + 1958*r. Suppose -4*c - c + 140 = 0. Calculate the remainder when r is divided by c.
25
Calculate the remainder when 258 + ((-6)/9)/(10/75) is divided by 128.
125
What is the remainder when 1746 is divided by ((-98)/3)/(7 + (-1639)/231)?
31
Let v = 23 + 109. Suppose -2*b = b - 2*m - 89, 0 = -4*b - 4*m + v. Let u = 8 - 0. Calculate the remainder when b is divided by u.
7
Let u = 1004 + -996. Suppose 4*t - 3*a = 8, -4 = -t - t - a. What is the remainder when u is divided by t?
0
Let k(i) = 6*i**2 + 9*i + 9. Suppose 2*b - 4*b + x - 34 = 0, 0 = 3*b + 2*x + 44. Let l = -9 - b. What is the remainder when l is divided by k(-1)?
1
Let b(j) be the first derivative of j**4/4 - 5*j**3/3 + 2*j**2 - 9*j - 12. Let u be b(4). Calculate the remainder when ((-3)/u)/(2/150) is divided by 9.
7
Let j = 18 - 13. Suppose 5*s - m - 1492 = 0, s - 31*m = -33*m + 294. What is the remainder when s is divided by j?
3
Suppose 30*n - 29*n - 155 = -p, -2*n - 3*p + 305 = 0. Calculate the remainder when 2719 is divided by n.
159
Let o = 3945 - 3918. What is the remainder when 314 is divided by o?
17
Suppose -20*v - 6084 = 5676. Let a = v - -596. What is the remainder when 118 is divided by a?
6
Let m = -232 - -252. Suppose m*b - 30 = 10*b. Calculate the remainder when 37 is divided by b.
1
Let l(p) = 80*p + 4. Let x be l(2). Let r = 186 - x. Suppose -3*w + 283 - 46 = 0. What is the remainder when w is divided by r?
13
Suppose 64 + 128 = -6*u. Let f be (u/((-12)/(-3)))/1. Let h(d) = d**3 + 7*d**2 - 14*d - 5. Calculate the remainder when h(f) is divided by 17.
9
Suppose 0 = 2*l + 2*l + 5*v - 493, -3*l + v = -365. Let w(a) = 2381*a - 23778. What is the remainder when l is divided by w(10)?
26
Suppose -2143 = -5*z - 4*q, -2 = 37*q - 38*q. What is the remainder when 445 is divided by z?
18
Let b(n) = n**2 - 84. Let p be b(9). Let k(w) = -19*w - 26. What is the remainder when k(p) is divided by 11?
9
Let o(g) = -14*g - 4 + 137*g**3 - 136*g**3 - 8 - 8*g**2 - 9. Calculate the remainder when 265 is divided by o(10).
31
Let s = 62 - -377. Let z = s + -292. What is the remainder when z is divided by 46?
9
Let h be (1/(-3))/(19/(-57)). Let q(i) = 13*i + 4 - 12 - h - 8. Calculate the remainder when 172 is divided by q(4).
32
Let v(o) = 126*o + 3239. What is the remainder when v(17) is divided by 18?
17
Let i(z) = -6*z - 4. Let d be i(-5). Let l = 31 - d. Suppose 0 = l*x - x - 64. Calculate the remainder when 31 is divided by x.
15
Let m = 62 + -3. Suppose 0*n + 14*n - 70 = 0. Suppose g - 17 = -4*y, -16*y + 106 = n*g - 17*y. What is the remainder when m is divided by g?
17
Let t(i) = 15*i - 107. Let q(z) = -32*z + 214. Let a(d) = -2*q(d) - 5*t(d). What is the remainder when a(8) is divided by 13?
6
Suppose 762 = 3*n + 5*t - 7*t, -6*t = n - 254. Calculate the remainder when n is divided by 74.
32
Let c = -12442 - -12554. Suppose 353 = 4*s + 125. What is the remainder when c is divided by s?
55
Let l = -19346 + 19397. What is the remainder when l is divided by (-11)/(1 + -1 - 1)?
7
Let w = -4245 - -4452. Calculate the remainder when w is divided by 60.
27
Let r(n) = -n + 2*n**2 + 7 + 23*n + 12. Let d be r(-10). What is the remainder when 13 + 12 - (0 - 2)/d is divided by 8?
7
Let i = -85 - -88. Suppose -f - i*k + 0*k - 4 = 0, 5*f = -3*k - 56. Let j = 17 - f. What is the remainder when j is divided by 20?
10
Let h(k) be the second derivative of k**4/6 + 20*k**3/3 + 5*k**2/2 - 2*k + 19. Calculate the remainder when h(-25) is divided by 32.
31
Let s = 361 - 526. Let p be (3 - 580/8)*2. Let y = p - s. What is the remainder when 50 is divided by y?
24
Suppose 4*o + 3*q + 0*q = -12, 3*o = -q - 9. Let a be (((-32)/20)/4)/(o/15). Calculate the remainder when (-6912)/(-112) + a*(-2)/(-14) is divided by 32.
30
Suppose -540*s + 23875 = -349*s. Calculate the remainder when s is divided by 129/4 - 1/4.
29
Let l(p) = -p**2 + 30*p - 31. Suppose 109 + 29 = 6*f. Let u be l(f). Let n = u + -107. Calculate the remainder when 62 is divided by n.
16
Let p(c) = -44*c - 7. Let y = -25 - -24. Calculate the remainder when p(y) is divided by 10.
7
Let z(r) = r**3 + 11*r**2 + 20*r + 22. Let i be z(-9). Suppose -5*v = i*a - 375, 0 = -5*a - 2*v + 640 - 184. What is the remainder when a is divided by 28?
6
Suppose -t + 114 = 3*l, -4*t - 5*l = -9*t + 670. Suppose t*s - 132*s + 468 = 0. Calculate the remainder when s is divided by 56.
44
Let p(f) = 12*f**2 + f - 2. Let l(b) = -b**3 + 9*b**2 + b - 95. Let q = -8 + 14. What is the remainder when p(2) is divided by l(q)?
10
Let p(c) = 306*c + 2164. Calculate the remainder when 243 is divided by p(-7).
1
Let s = 9 - 7. Suppose 0*u - 5*u = 2*o - 50, 5*o = -s*u - 1. Let n(v) = -v**3 - 27*v**2 + 58*v + 56. Calculate the remainder when n(-29) is divided by u.
8
Let i = -9 + 60. Let x = -75 + i. What is the remainder when ((-16)/3 - -4)/(2/x) is divided by 6?
4
Suppose 2*l + 2 = -5*m, m - 5*m - 24 = -4*l. Suppose 54 = -2*n + 3*n + 2*f, 158 = 3*n + 2*f. Let j = n - 46. Calculate the remainder when j is divided by l.
2
Let q(m) = -m**2 - 960*m - 6649. Let v(p) = -p + 103. What is the remainder when v(0) is divided by q(-7)?
15
Suppose -b = -6*o + 3*o - 6, 3 = -3*o. Suppose 0 = -x - 5*g + 42, 0 = b*x + 2*g - 75 + 1. Calculate the remainder when 84 is divided by x.
18
Let m = 302 - 459. Let l = m + 222. Suppose 2*f - 140 = -3*f - z, -z + 5 = 0. Calculate the remainder when l is divided by f.
11
What is the remainder when 533 is divided by -1 + -7 - (468/36 + -86)?
13
Let a = -1158 - -1709. Calculate the remainder when a is divided by (3*-6)/((-33)/44).
23
Suppose 2*q = -2*q. Let n(p) = p**2 - p + 19. Let v(g) = g**2 - g + 18. Let b(o) = -3*n(o) + 4*v(o). What is the remainder when 73 is divided by b(q)?
13
Suppose -631 - 1157 = -4*b + 3*a, 4*a + 1792 = 4*b. What is the remainder when b is divided by 113?
105
Let y(a) = 33*a - 2771. What is the remainder when 1404 is divided by y(86)?
64
Suppose q = -176 + 199. Let d(p) = p**2 - 5*p - 2. Let o(m) = 2*m**2 - 16*m - 7. Let u(g) = 7*d(g) - 2*o(g). What is the remainder when u(-5) is divided by q?
21
Let p(h) = h + 159. What is the remainder when p(13) is divided by 5?
2
Let k(p) = 2*p**2 - 33*p - 49. Let b be k(18). Suppose m - b*m + 35 = 5*s, 4*s + m = 39. Calculate the remainder when 250 is divided by s.
8
Suppose 2*f - f + 91 = 0. Let t = f - -149. Suppose 4*w + 354 = -2*r + 376, 58 = 3*r + w. What is the remainder when t is divided by r?
16
Let b be (2/(-3))/(2/(-12)). Suppose 8 = b*s, -2*o = 3*s + 2*s + 22. What is the remainder when ((-60)/o)/(6/16) - -3 is divided by 4?
1
Let q be (-7 + -2)*-33*(-5)/15. Let m = q + 140. Calculate the remainder when (-2)/7 - (-4572)/28 is divided by m.
40
Let v be 0*(-1 - 1)*6/(-48). Suppose 2*t - 166 - 54 = v. What is the remainder when t is divided by (-1)/(0 + 2/(-112))?
54
Suppose 2*l = -5*m + 3426, 4*m = 36*l - 39*l + 2731. What is the remainder when m is divided by 356?
332
Let k be (-2 + -8)*11/((-550)/(-20)). Calculate the remainder when (k/(-6))/((-23)/((-93288)/16)) is divided by 17.
16
Let s be (5 - 77/21)*3. Let b(n) = -n + 4. Calculate the remainder when (1/s)/(13/884) is divided by b(0).
1
Let b be 137*((-6)/2 + 3 + 1). Suppose -3*z + 128 = 4*w, b = 14*z - 11*z - 5*w. Let t = 18 - 9. Calculate the remainder when z